ate the highest common factor of h and j.
3
Suppose -3*t + 291 = -5*r - 133, -3*r + 456 = 3*t. Suppose 0 = -p + z - 5*z + 53, 4*p - 144 = z. Calculate the greatest common factor of p and t.
37
Suppose 0 = 2*i - 3*c - 23, -3*c - 37 = -3*i + 2*c. Suppose -178 - 40 = -2*r. Let m = r + -77. What is the greatest common factor of m and i?
4
Suppose f = 6*f - 2*h - 8, 3*f - 2*h - 4 = 0. Suppose -f*x = 213 - 1003. Let v = -252 + x. What is the greatest common divisor of v and 13?
13
Let n(w) = w**3 + 11*w**2 + 23*w + 88. Let t be n(-7). What is the greatest common factor of t and 164?
41
Let d(l) = 3*l**2 + 10 + 23 + 26*l - 4*l**2. Let x be d(27). Suppose -2 = -b + 4. What is the highest common factor of b and x?
6
Let r = -24 + 30. Suppose r*s - 10*s = 0. Suppose 2*j + 4*n + 18 = s, 6*j + 5*n + 20 = j. Calculate the highest common factor of 1 and j.
1
Suppose -2*r = 1 - 9. Let u(d) = -2*d + d**2 + r*d - 10 + 0*d**2 - 3. Let p be u(-6). What is the greatest common factor of 33 and p?
11
Let d(c) = c - 3. Let v be d(6). Suppose 120 = 3*l + v*l. What is the highest common divisor of 140 and l?
20
Let s = -150 - -278. Let w be (-240)/50*60/(-9). Calculate the greatest common divisor of w and s.
32
Let p(o) = -2*o**3 + 27*o**2 + 25*o - 14. Let g be p(13). What is the greatest common divisor of g and 30?
30
Let h = 623 - 595. Calculate the greatest common divisor of h and 52.
4
Let l = 38 - 20. Let h be 3 - 1 - (-2 + 2). Let c be 3/h*(2 - -4). What is the greatest common divisor of l and c?
9
Let m(v) = -2*v**3 - 3*v**2 - 2*v - 2. Let p be m(-2). Let t(y) = -8*y - 534. Let c be t(-69). Calculate the greatest common factor of p and c.
6
Let o be (-952)/(-8) - (1 + -1). Let s = 179 - o. Calculate the greatest common factor of 20 and s.
20
Let v = 2393 - 2245. Calculate the greatest common factor of 24 and v.
4
Let w(v) = -v**3 - 7*v**2 - 9*v - 30. Let j be w(-7). Calculate the greatest common divisor of 22 and j.
11
Let k = 11493 + -8133. Calculate the highest common divisor of k and 105.
105
Suppose 371*v - 365*v = 342. Calculate the greatest common divisor of 513 and v.
57
Suppose 990 = -46*a + 52*a. Calculate the greatest common factor of a and 66.
33
Let j(f) = f**3 - 2*f + 1. Let b = 14 + -10. Suppose 0 = -0*i + b*i - 12. Let n be j(i). What is the greatest common factor of 110 and n?
22
Let d = 335 - 270. Calculate the highest common factor of 26 and d.
13
Suppose 0 = -b + 7 + 34. Suppose 28*g + 76 = 32*g. Let p = b + g. Calculate the greatest common divisor of p and 24.
12
Let h = 83 - 79. Let a be 1*21 + 3 + (-4)/h. What is the highest common factor of 115 and a?
23
Let r(f) be the first derivative of -1 + 45*f + 0*f**2 - 1/3*f**3. Let d be r(0). Calculate the greatest common factor of d and 5.
5
Suppose -3 - 6 = -3*x. Suppose x*r - 17 = 4*h + 27, -r - 2*h = -28. Suppose -6*u + 52 = -r. Calculate the greatest common divisor of 18 and u.
6
Suppose 5*m = 3*m. Let z be (m - (1 + -2)) + 14. Suppose -9*j - 17 = -8*j - 5*o, 10 = -2*j + 4*o. Calculate the greatest common divisor of j and z.
3
Let m be 380/5 - (-2 - 5). Calculate the greatest common factor of 1494 and m.
83
Let r(d) be the second derivative of 1/6*d**3 + 3*d + 0 + 5/12*d**4 + 1/20*d**5 + 5/2*d**2. Let c be r(-4). Calculate the greatest common factor of c and 68.
17
Let f = 33 + -12. Let u = -4612 - -4822. What is the greatest common factor of f and u?
21
Let q = -171 - -256. What is the highest common factor of q and 51?
17
Suppose 3*c = 1 + 23. Let d(o) = 8*o - 19. Let z be d(c). Calculate the highest common factor of z and 15.
15
Let f = -862 + 2040. Calculate the highest common factor of 38 and f.
38
Suppose -2*l - 24 = -2*y + y, -3*l - 87 = -3*y. What is the highest common divisor of 187 and y?
17
Suppose 4*a = g - 3, 3*g = 2*a - 4*a + 51. Suppose m = -h + g, 2*h - 5*m = 3 + 6. What is the highest common divisor of h and 48?
12
Suppose 184 = 2*b - 0*o + o, 0 = 3*b - 4*o - 276. Suppose -3*m + b = 11. Calculate the highest common factor of m and 108.
27
Suppose 9*s + 2959 = 8287. What is the greatest common divisor of 16 and s?
16
Suppose -140 = -4*f - 5*i, 2*f = f + 3*i + 52. Suppose -3*n = -23 - f. Calculate the greatest common divisor of n and 3.
3
Let t = 18 + -12. Let j be 99/15 + 3/(-5). Calculate the greatest common factor of j and t.
6
Suppose 41*r = 10291 - 2747. Calculate the greatest common divisor of 48 and r.
8
Suppose -2*c = 4*c - 30. Suppose -c*q + 2*z + 22 = 5, -12 = -5*q - 3*z. Suppose q*s - 46 = 2. Calculate the greatest common divisor of s and 32.
16
Let d(q) = 60*q**3 + 2*q**2 + q. Let j be d(1). Calculate the greatest common factor of 2835 and j.
63
Let r = 90 + -34. Suppose 17*q - 700 = 12*q. What is the greatest common factor of q and r?
28
Let s(u) = 14*u**3 - 3*u**2 + 1. Let m be s(1). Let r(n) = n**3 - 12*n**2 + 3*n - 18. Let c be r(12). Calculate the greatest common factor of c and m.
6
Let k = -2 - -4. Suppose -g + 2 = -k. Let q(c) = -c + 18. Let m be q(8). What is the greatest common factor of g and m?
2
Let p be ((-42)/(-15))/(2/(-10)). Let v = 270 + p. What is the highest common divisor of 32 and v?
32
Suppose -3*i + i = 5*g - 18, 3*g = 3*i + 15. Let k be (-12)/(-2 + -1) + i. Let n be 12/(-2)*(12/8 + -3). What is the greatest common factor of k and n?
3
Let h(u) = u**3 + 26*u**2 + 46*u - 30. Let p be h(-24). What is the highest common divisor of p and 36?
18
Suppose -5*n = -3*c - 308, 0 = -22*n + 27*n + 4*c - 336. Let z(r) = -r**3 + 10*r**2. Let p be z(4). Calculate the greatest common divisor of p and n.
32
Suppose 127*f - 7*f - 1440 = 0. Let r be (12/10)/(1/170). Calculate the highest common factor of f and r.
12
Suppose -588 = -5*h - 3*v, -4*h + 3*v = v - 488. Suppose -3*p = -3*t - 147, 8*p - 2*t + 190 = 12*p. What is the greatest common divisor of p and h?
24
Let d = -2 + -2. Let n = 2 - d. Let a be (-3)/n + (-565)/(-10). What is the greatest common factor of 7 and a?
7
Let i(v) = 5*v + 21. Let r be i(-4). Let p be ((-3)/(-9) - 2)*54/(-15). What is the highest common divisor of r and p?
1
Let q = -193 - -401. Calculate the highest common divisor of 26 and q.
26
Suppose 0 = -3*j + 39. Let p be (32/(-24))/(1/(-36)). Suppose 2*x - p - 30 = 0. What is the highest common divisor of x and j?
13
Let f(c) = -5*c**3 - 14*c**2 - 23*c + 14. Let z be f(-7). What is the highest common factor of 28 and z?
28
Let t = 116 + -99. Suppose t*d - 7*d - 1530 = 0. Calculate the highest common factor of 17 and d.
17
Suppose -5*u = 10 - 0. Let p be (-1 - (-2)/1)/1. Let i be (-1 - 23)/u*p. Calculate the highest common factor of 132 and i.
12
Suppose 3*v - 23 = 109. Let c = 53 + -21. Let t = -21 + c. What is the greatest common divisor of t and v?
11
Suppose 99*q + 2766 - 4138 = 17339. Suppose -2*y - f = -46, -5*y + 124 - 11 = 2*f. Calculate the highest common factor of y and q.
21
Let m(p) = 2*p**2 + 2 + 21*p + 6 - 29*p. Let l be m(5). Calculate the highest common divisor of l and 6.
6
Let p be 77/(-14) + 2/4. Let q(x) = -5 + 20*x - 16*x + 5*x**2 + 0*x**2. Let y be q(p). Calculate the greatest common divisor of y and 40.
20
Let q be ((-2)/2)/(1/(-270)). Calculate the greatest common factor of 30 and q.
30
Let a(p) = 2*p**2 + 18*p - 4. Let w be a(-12). What is the greatest common factor of 4 and w?
4
Suppose 0 = 2*h - 3*h + 2. Suppose 9 = z - 4*l - h, 0 = -z + l + 11. What is the highest common divisor of z and 11?
11
Suppose -25 = 5*l, -5*l - 29 = -h - 1. Suppose h*x = 90 + 60. Calculate the greatest common divisor of 125 and x.
25
Let j(m) = -13*m**3 + m + 4*m**2 + 14*m**3 - 3*m. Let q be j(-4). Let z be 17 + q/12*-6. Calculate the highest common divisor of 39 and z.
13
Let u(k) be the second derivative of -4*k**3/3 - 12*k**2 - 18*k. Let d be u(-6). What is the greatest common divisor of d and 6?
6
Let o(h) = -h**3 - 6*h**2 - 5*h - 2. Let s be o(-6). Let m(t) = t**3 - 5*t**2 - 2*t - 14. Let i be m(7). What is the greatest common factor of s and i?
14
Suppose -4*l + 6 = -7*l - 2*j, 3*j = -5*l - 9. Suppose 2*z = 6*z + 4*y - 76, l = 2*z - y - 26. What is the greatest common divisor of z and 10?
5
Suppose 0 = -a - 0 + 16. Let r = 240 - 336. Let q be (-8)/(-12)*r/(-1). Calculate the greatest common factor of a and q.
16
Suppose -15 = 5*s - 55. Suppose -8 = -2*j + 2. Let c be j +